- -6. Is o(x) a composite number?
True
Suppose 0 = -4*o + 8, 5*t + 0*o = -o + 5017. Is t composite?
True
Let k(x) be the second derivative of x**5/20 - 5*x**4/12 - 7*x**3/6 + 7*x**2/2 - x. Let s be k(5). Let b = s + 63. Is b a prime number?
False
Let j = -1023 - -1654. Is j a composite number?
False
Let y(o) = -o + 3*o**2 - o**2 + 4*o**2 + 1. Let w be y(-5). Suppose -n - 6*b = -2*b - 21, -w = -4*n + 2*b. Is n prime?
True
Let v = 376 - -327. Is v prime?
False
Is -2*3/(-18)*885 prime?
False
Let k = -30 + 99. Is k prime?
False
Suppose -82 = -3*d + 83. Let m = d + -22. Is m a prime number?
False
Suppose -5*s = -2*p + 123, 3*p - 3*s = -0*p + 162. Let g = 436 + p. Is g a composite number?
True
Let u = 215 - 68. Suppose 0 = -4*c - 20, 53 = 5*y - 5*c - u. Is y prime?
False
Let d(f) = -f + 5. Let y be d(7). Let k = -13 + 44. Is ((-14)/7)/(y/k) a composite number?
False
Let r(x) be the first derivative of -61*x**2/2 - x - 4. Let q be r(-1). Suppose 0 = -b + 81 + q. Is b composite?
True
Let v(p) be the third derivative of 0*p + 0*p**5 + 49/120*p**6 + 0*p**4 + 0 - p**2 + 0*p**3. Is v(1) prime?
False
Let b = -131 - -228. Is b composite?
False
Let v = -2511 - -5424. Is v composite?
True
Let z(w) = -w**3 + 5*w**2 - 4*w - 1. Let d be z(3). Suppose 2*n - 1 = d. Suppose 2*p - 171 = -2*i + n*p, -4*i = -p - 341. Is i prime?
False
Let x = 94 + 793. Is x a prime number?
True
Suppose 4*j = 4*v - 71 + 323, 2*j - 114 = 5*v. Let z = j + -44. Is z prime?
True
Let t(y) = -2*y**3 + y**2 + y - 1. Let f be t(1). Is 2/(-2) - (-53 - f) prime?
False
Let p = 489 + -290. Is p composite?
False
Let t = 6 + 49. Is t a composite number?
True
Suppose -d - s = d - 834, -2*d = 4*s - 822. Is d prime?
True
Let f(g) = -134*g**3 + 154*g**3 - 3*g + 0*g + 2*g**2 - 4. Is f(3) composite?
True
Suppose -716 = -5*p + 5949. Is p composite?
True
Is 13614/40*4 + 2/(-5) a composite number?
False
Suppose -2*v - 7 = -5*b + 1, -5*b = 5*v - 15. Suppose -b*w - 2*r = -170, 5*w - 524 + 67 = 3*r. Is w a prime number?
True
Let f be (-2 - 0)*(2 - 0). Let j be (-1)/f*-3*-24. Let b = 53 - j. Is b composite?
True
Suppose 3*d = 5*d + 6. Let u(f) = -f**3 + 3*f**2 - 5*f - 2. Is u(d) a composite number?
False
Let p(d) = -d**3 + 12*d**2 + 9*d - 13. Let l be p(9). Let q = -154 + l. Is q composite?
False
Let b = -2654 + 5259. Is b prime?
False
Let l = -9 + 3. Let i = l + 7. Is 64 + i + 2/1 composite?
False
Let b(p) = -p + 2*p**2 + 48*p**3 + 7*p**2 - p - 4 + 4*p. Let s be b(-6). Is s/(-24) - 2/12 a prime number?
True
Suppose 2*k - 3*x - 566 = 0, 3*x - 2*x = -3*k + 871. Is k a composite number?
True
Suppose 6*i - 56 = 2*i. Suppose 3*k = -9, -2*k + 2 = -3*v + i. Is 129/v*2/3 a composite number?
False
Let m = -8 + 6. Let d be 5/1 + 4/m. Suppose q + 3*v + 53 = 6*q, -d*q - 4*v + 26 = 0. Is q prime?
False
Let p = 174 + 83. Is p a prime number?
True
Let f(m) = 2*m**3 - 9*m**2 - 2*m - 2. Let o(x) = x**3 - x**2 - x. Let t(a) = f(a) - 4*o(a). Let u(p) = -p**2 + p + 2. Let s be u(3). Is t(s) prime?
False
Let a(v) = -3*v**3 + 4*v**2 + v - 7. Is a(-8) a composite number?
False
Suppose y - 585 = -3*d + d, -1750 = -3*y - d. Is y prime?
False
Let c(d) = 19*d - 3. Is c(2) prime?
False
Suppose -6*h + 2*h = 0. Suppose -5*c = -h*c - 8465. Is c a composite number?
False
Let g be (0 + 2)/((-2)/3). Let s(o) = -4*o**3 - 3*o**2 + o - 1. Is s(g) prime?
False
Suppose 3*c + 4*k - 1575 = -0*k, -3*c - 3*k + 1578 = 0. Is c prime?
False
Suppose -2086 = 255*q - 257*q. Is q prime?
False
Is (-2391)/(-6)*2*10/10 a prime number?
True
Suppose v + 958 = 3*u, -5*u + 3*u = -5*v - 617. Is u composite?
True
Suppose -s - 2 = 2*r, -2*r + s + 10 = -s. Let i = r - 1. Suppose -n + 5 + 2 = i. Is n prime?
True
Let u(d) be the first derivative of -16*d**4 + 2*d**3/3 + d**2/2 - 2. Let z be 2*(-1)/(-2)*-1. Is u(z) composite?
True
Is ((-3037)/(-2))/(4/40) a prime number?
False
Let m(d) = -d**2 - 4*d + 3. Let f be m(-4). Let k = -124 - -185. Suppose f*o - k = 4*t, 3*o = -3*t + t + 73. Is o composite?
False
Is 1357 - -1*(3 - 3)/(-2) composite?
True
Let w = -4 + 13. Let c = 5 - 1. Suppose c*l - w*l + 30 = 0. Is l a prime number?
False
Let t(c) = c + 8. Let l be t(-5). Let x(w) = -1 - 3*w**l + 0 - 32*w**3 - w. Is x(-1) composite?
True
Suppose v = -4*v - p + 82, 0 = -5*p - 15. Let c = -10 + v. Let y = -3 + c. Is y a composite number?
True
Suppose -v = -a - 307, -4*v + 921 = -v + a. Is v prime?
True
Suppose 0 = -5*h + 184 + 911. Is h a prime number?
False
Let j(k) = -k**3 - 6*k**2 - 3*k - 3. Let m be j(-6). Let a be 606/m - (-2)/(-5). Let n = -26 + a. Is n prime?
False
Suppose 0 = 2*l - 4*l + 6. Suppose -3*a - 2*n = -107, l*n - n = -a + 33. Is a a prime number?
True
Let h(y) = 50*y**2 - 2*y - 1. Is h(3) a composite number?
False
Let x = 114 - 63. Is x a composite number?
True
Let c be -1 + 2 - (4 + 3). Let v(n) = 7*n + 1. Let f be v(c). Let q = f + 60. Is q a composite number?
False
Let z be ((-6)/(-18))/(1/(-1149)). Let s = -597 + 341. Let d = s - z. Is d a composite number?
False
Suppose -2*a - 2*a = -848. Let b = -57 + a. Is b a prime number?
False
Let x be 4344/14 - 4/14. Suppose 0 = 2*y + 3*y - x. Suppose 0*f + 2*f - 5*u = 26, -2*f - 4*u = -y. Is f prime?
True
Let l(i) = -4 - 3 - 2*i**2 - 3*i + 4*i**2 + 3*i**2. Is l(-6) prime?
True
Let j be 41 - 2 - (0 - -2). Suppose 0*y + j = y + 4*r, 5*y - 4*r - 137 = 0. Suppose 0 = -q + y + 10. Is q a prime number?
False
Let x(w) = 4*w**3 + 6*w**2 + 3*w + 4. Is x(5) prime?
False
Let s(n) be the third derivative of n**2 - 1/60*n**5 - 1/3*n**4 + 0*n + 2/3*n**3 + 0. Is s(-7) a composite number?
False
Let h be 0/(-2*1) + 1. Suppose -h = -2*c + 5. Suppose -5*o + c + 39 = 4*d, 0 = -4*d + 3*o + 58. Is d a prime number?
True
Is (-4)/(-16) + (-1670)/(-8) a prime number?
False
Let f = -3 - -16. Let w = f - -10. Is w prime?
True
Suppose 0*y + 5*y = -15. Let u be (-60)/(-9) - 1/y. Suppose 0 = -3*n + u*n - 356. Is n a composite number?
False
Let i(x) = -x**3 - 3*x**2 + 8*x + 4. Let r(c) = c - 18. Let w be r(9). Let o be i(w). Let t = o - 241. Is t composite?
True
Suppose 0 = -3*g - 5*q + 2896, 0 = -g + 2*q + 849 + 120. Is g prime?
True
Let n = -6 - -11. Suppose 3*a + 9 = -0*a, n*x - a - 73 = 0. Is -1 + (-1 - -1) + x a composite number?
False
Let h(j) = j**2 - 9*j + 10. Let l be h(8). Suppose -w = -l*w, 23 = c + 5*w. Is c a prime number?
True
Let b(j) = 27*j + 4. Let m be b(3). Let w = m - 36. Is w prime?
False
Let f(u) = -u**3 + 5*u**2 + 4*u + 1. Suppose 3 = -d + 8. Is f(d) a prime number?
False
Let p = 3 + -4. Let t be 17 - (0 + p) - 0. Suppose b - t = -b. Is b composite?
True
Let j be ((-316)/(-6))/(4/72). Is (j/60)/(1/5) a prime number?
True
Suppose -5*t = -0*t - 20. Suppose t*j + 4*n = 648, -599 = -5*j - n + 215. Is j prime?
True
Let y(x) = x**3 - 8*x**2 - 13*x + 12. Suppose -49 = -4*v - 13. Let n be y(v). Is 0 - n - (0 + 1) a composite number?
False
Suppose 10 = 3*x - 2. Suppose 3*s = -12, 4*d - 548 = -2*s + 6*s. Suppose 0 = x*u - d - 7. Is u a prime number?
False
Suppose 9 = -5*o + 64. Is o composite?
False
Is ((2 + -625)*2)/(-2) a prime number?
False
Suppose -71 = y - 2*y. Is y a prime number?
True
Suppose 5*b - 464 = -3*q + 2377, -3*b = -3*q + 2841. Is q a prime number?
True
Suppose -n - 278 + 9 = 2*t, -t - 148 = 5*n. Let g = 318 - t. Is g prime?
False
Let x be 2/(-7) - (-37)/7. Is 14/x + (-1)/(-5) a prime number?
True
Suppose -80 = -g + 3*k, 0 + 8 = -4*k. Let i = -5 + g. Is i prime?
False
Let d = 43 + -71. Let q = 18 + -36. Let j = q - d. Is j a composite number?
True
Let n be (1 - 2)/(0 - 1). Let t = -71 - -168. Is t/(n + 2 + -2) composite?
False
Let s(f) = 2*f - 8. Let b be s(7). Suppose q + 25 = 3*d + b*q, 5*d - 2*q = -10. Suppose -2*h + 79 + 103 = d. Is h composite?
True
Suppose 2010 = 5*j + 110. Suppose 5*i - j + 85 = 0. Is i a composite number?
False
Let v(n) = -2*n - 9. Let w be v(-7). Suppose 0 = -2*a + 4*z + 418, -5*a + 10*a - 1025 = w*z. Is a a prime number?
False
Let h be (-6)/24 - 338/(-8). Suppose 0 = -3*g + h + 15. Is g composite?
False
Let l(i) = 11*i**3 - 2*i**2 + 8*i - 2. Is l(5) a composite number?
True
Suppose 2 = -x + 4. Suppose 2*l = 3*a - 155, -3*a = -5*l + x*l - 153. Is a composite?
False
Suppose -3*u + 160 = -5*p, -5*u - 5*p + 165 = -115. Is u prime?
False
Let y(x) = -x**3 - x**2 + 2*x + 3. Let f be y(-2). Suppose